{"id":1040,"date":"2025-10-05T16:19:28","date_gmt":"2025-10-05T16:19:28","guid":{"rendered":"https:\/\/bsh-oberschuetzen.at\/?page_id=1040"},"modified":"2025-10-05T16:19:28","modified_gmt":"2025-10-05T16:19:28","slug":"datenschutzrichtlinien","status":"publish","type":"page","link":"https:\/\/bsh-oberschuetzen.at\/?page_id=1040","title":{"rendered":"Datenschutzrichtlinien"},"content":{"rendered":"\n<p><strong>IMPRESSUM<\/strong><\/p>\n\n\n\n<p><strong>MEDIENINHABER UND HERSTELLER:<\/strong>&nbsp;<\/p>\n\n\n\n<p>Bundessch\u00fclerheim Obersch\u00fctzen&nbsp;<\/p>\n\n\n\n<p>Sch\u00fclerheimleiterin: Mag. Tanja Schuh<\/p>\n\n\n\n<p>G. A. Wimmer-Platz 7<\/p>\n\n\n\n<p>7432 Obersch\u00fctzen&nbsp;<\/p>\n\n\n\n<p>Tel.:&nbsp;+43 (0)3353 7503&nbsp;<\/p>\n\n\n\n<p>Fax:&nbsp;+43 (0)3353 7503 10<\/p>\n\n\n\n<p>Mail: s109950@bildung.gv.at&nbsp;<\/p>\n\n\n\n<p>Schulkennzahl: 109950&nbsp;<\/p>\n\n\n\n<p><strong>HINWEIS ZUR GESTALTUNG DER WEBSITE:<\/strong>&nbsp;<\/p>\n\n\n\n<p>Wir sind bem\u00fcht, m\u00f6glichst korrekt, aktuell und vollst\u00e4ndig zu informieren. Bei s\u00e4mtlichen Abbildungen, Fotos und Texten auf unserer Website wurde das Urheberrecht ber\u00fccksichtigt. Das Copyright f\u00fcr das Ver\u00f6ffentlichen von selbst erstellten Objekten bleibt beim Bundessch\u00fclerheim&nbsp;Obersch\u00fctzen.&nbsp;Links zu Websites Dritter werden&nbsp;auf&nbsp;dieser Website als reine Serviceleistung beziehungsweise als Hinweis angeboten. F\u00fcr die Inhalte, zu denen verlinkt wird, sind die Anbieter der jeweiligen Websites ausschlie\u00dflich selbst verantwortlich. Wir \u00fcbernehmen f\u00fcr diese Inhalte keine Haftung.<\/p>\n\n\n\n<p><strong>ZWECK DES MEDIUMS:<\/strong>&nbsp;<\/p>\n\n\n\n<p>Die Website des Bundessch\u00fclerheimes&nbsp;Obersch\u00fctzen&nbsp;versteht sich als ein Medium f\u00fcr alle an dieser Einrichtung und ihren Aktivit\u00e4ten Interessierten.&nbsp;<\/p>\n\n\n\n<p><strong>COPYRIGHT:<\/strong>&nbsp;<\/p>\n\n\n\n<p>Wenn nicht anders vermerkt, liegt das Copyright beim Bundessch\u00fclerheim&nbsp;Obersch\u00fctzen.&nbsp;<\/p>\n\n\n\n<p><strong>HAFTUNGSINFORMATION:<\/strong>&nbsp;<\/p>\n\n\n\n<p>F\u00fcr Vollst\u00e4ndigkeit, Fehler redaktioneller und technischer Art, Auslassungen usw. sowie die Richtigkeit der Eintragungen kann \u2013 auch wegen der raschen Ver\u00e4nderungen im Bildungswesen und im Internet \u2013 keine Haftung \u00fcbernommen werden. Insbesondere kann keine Gew\u00e4hr f\u00fcr die Vollst\u00e4ndigkeit und Richtigkeit von Informationen \u00fcbernommen werden, die durch weiterf\u00fchrende Links erreicht werden. Der Webmaster der Website beh\u00e4lt sich das Recht vor, ohne vorherige Ank\u00fcndigung \u00c4nderungen oder Erg\u00e4nzungen der bereitgestellten Informationen vorzunehmen, gegebenenfalls auch Informationen zu entfernen.&nbsp;<\/p>\n\n\n\n<p><strong>IHRE RECHTE:<\/strong><\/p>\n\n\n\n<p>Ihnen stehen bez\u00fcglich Ihrer bei uns gespeicherten Daten grunds\u00e4tzlich die Rechte auf Auskunft, Berichtigung, L\u00f6schung, Einschr\u00e4nkung, Daten\u00fcbertragbarkeit, Widerruf und Widerspruch zu. Wenn Sie glauben, dass die Verarbeitung Ihrer Daten gegen das Datenschutzrecht verst\u00f6\u00dft, k\u00f6nnen Sie sich bei uns&nbsp;melden.&nbsp;Sie erreichen uns unter den auf unserer Homepage hinterlegten Kontaktdaten.<\/p>\n\n\n\n<p><strong>DATENSCHUTZ:<\/strong>&nbsp;<\/p>\n\n\n\n<p>Der Schutz Ihrer pers\u00f6nlichen Daten ist uns ein besonderes Anliegen. Wir verarbeiten Ihre Daten daher ausschlie\u00dflich auf Grundlage der gesetzlichen Bestimmungen (DSGVO, TKG 2003). In diesen Datenschutzinformationen informieren wir Sie \u00fcber die wichtigsten Aspekte der Datenverarbeitung im Rahmen unserer Website.<\/p>\n","protected":false},"excerpt":{"rendered":"<p>IMPRESSUM MEDIENINHABER UND HERSTELLER:&nbsp; Bundessch\u00fclerheim Obersch\u00fctzen&nbsp; Sch\u00fclerheimleiterin: Mag. Tanja Schuh G. A. Wimmer-Platz 7 7432 Obersch\u00fctzen&nbsp; Tel.:&nbsp;+43 (0)3353 7503&nbsp; Fax:&nbsp;+43 (0)3353 7503 10 Mail: s109950@bildung.gv.at&nbsp; Schulkennzahl: 109950&nbsp; HINWEIS ZUR GESTALTUNG DER WEBSITE:&nbsp; Wir sind bem\u00fcht, m\u00f6glichst korrekt, aktuell und vollst\u00e4ndig zu informieren. Bei s\u00e4mtlichen Abbildungen, Fotos und Texten auf unserer Website wurde das Urheberrecht ber\u00fccksichtigt. [&hellip;]<\/p>\n","protected":false},"author":1,"featured_media":0,"parent":0,"menu_order":0,"comment_status":"closed","ping_status":"closed","template":"","meta":{"saved_in_kubio":false,"footnotes":""},"class_list":["post-1040","page","type-page","status-publish","hentry"],"kubio_ai_page_context":{"short_desc":"","purpose":"general"},"yoast_head":"<!-- This site is optimized with the Yoast SEO plugin v27.4 - https:\/\/yoast.com\/product\/yoast-seo-wordpress\/ -->\n<title>Datenschutzrichtlinien - BSH Obersch\u00fctzen<\/title>\n<meta name=\"robots\" content=\"index, follow, max-snippet:-1, max-image-preview:large, max-video-preview:-1\" \/>\n<link rel=\"canonical\" href=\"https:\/\/bsh-oberschuetzen.at\/?page_id=1040\" \/>\n<meta property=\"og:locale\" content=\"de_DE\" \/>\n<meta property=\"og:type\" content=\"article\" \/>\n<meta property=\"og:title\" content=\"Datenschutzrichtlinien - BSH Obersch\u00fctzen\" \/>\n<meta property=\"og:description\" content=\"IMPRESSUM MEDIENINHABER UND HERSTELLER:&nbsp; Bundessch\u00fclerheim Obersch\u00fctzen&nbsp; Sch\u00fclerheimleiterin: Mag. Tanja Schuh G. A. Wimmer-Platz 7 7432 Obersch\u00fctzen&nbsp; Tel.:&nbsp;+43 (0)3353 7503&nbsp; Fax:&nbsp;+43 (0)3353 7503 10 Mail: s109950@bildung.gv.at&nbsp; Schulkennzahl: 109950&nbsp; HINWEIS ZUR GESTALTUNG DER WEBSITE:&nbsp; Wir sind bem\u00fcht, m\u00f6glichst korrekt, aktuell und vollst\u00e4ndig zu informieren. Bei s\u00e4mtlichen Abbildungen, Fotos und Texten auf unserer Website wurde das Urheberrecht ber\u00fccksichtigt. [&hellip;]\" \/>\n<meta property=\"og:url\" content=\"https:\/\/bsh-oberschuetzen.at\/?page_id=1040\" \/>\n<meta property=\"og:site_name\" content=\"BSH Obersch\u00fctzen\" \/>\n<meta name=\"twitter:card\" content=\"summary_large_image\" \/>\n<meta name=\"twitter:label1\" content=\"Gesch\u00e4tzte Lesezeit\" \/>\n\t<meta name=\"twitter:data1\" content=\"2 Minuten\" \/>\n<script type=\"application\/ld+json\" class=\"yoast-schema-graph\">{\"@context\":\"https:\\\/\\\/schema.org\",\"@graph\":[{\"@type\":\"WebPage\",\"@id\":\"https:\\\/\\\/bsh-oberschuetzen.at\\\/?page_id=1040\",\"url\":\"https:\\\/\\\/bsh-oberschuetzen.at\\\/?page_id=1040\",\"name\":\"Datenschutzrichtlinien - BSH Obersch\u00fctzen\",\"isPartOf\":{\"@id\":\"https:\\\/\\\/bsh-oberschuetzen.at\\\/#website\"},\"datePublished\":\"2025-10-05T16:19:28+00:00\",\"breadcrumb\":{\"@id\":\"https:\\\/\\\/bsh-oberschuetzen.at\\\/?page_id=1040#breadcrumb\"},\"inLanguage\":\"de-AT\",\"potentialAction\":[{\"@type\":\"ReadAction\",\"target\":[\"https:\\\/\\\/bsh-oberschuetzen.at\\\/?page_id=1040\"]}]},{\"@type\":\"BreadcrumbList\",\"@id\":\"https:\\\/\\\/bsh-oberschuetzen.at\\\/?page_id=1040#breadcrumb\",\"itemListElement\":[{\"@type\":\"ListItem\",\"position\":1,\"name\":\"Startseite\",\"item\":\"https:\\\/\\\/bsh-oberschuetzen.at\\\/\"},{\"@type\":\"ListItem\",\"position\":2,\"name\":\"Datenschutzrichtlinien\"}]},{\"@type\":\"WebSite\",\"@id\":\"https:\\\/\\\/bsh-oberschuetzen.at\\\/#website\",\"url\":\"https:\\\/\\\/bsh-oberschuetzen.at\\\/\",\"name\":\"BSH Obersch\u00fctzen\",\"description\":\"\",\"publisher\":{\"@id\":\"https:\\\/\\\/bsh-oberschuetzen.at\\\/#organization\"},\"potentialAction\":[{\"@type\":\"SearchAction\",\"target\":{\"@type\":\"EntryPoint\",\"urlTemplate\":\"https:\\\/\\\/bsh-oberschuetzen.at\\\/?s={search_term_string}\"},\"query-input\":{\"@type\":\"PropertyValueSpecification\",\"valueRequired\":true,\"valueName\":\"search_term_string\"}}],\"inLanguage\":\"de-AT\"},{\"@type\":\"Organization\",\"@id\":\"https:\\\/\\\/bsh-oberschuetzen.at\\\/#organization\",\"name\":\"BSH Obersch\u00fctzen\",\"url\":\"https:\\\/\\\/bsh-oberschuetzen.at\\\/\",\"logo\":{\"@type\":\"ImageObject\",\"inLanguage\":\"de-AT\",\"@id\":\"https:\\\/\\\/bsh-oberschuetzen.at\\\/#\\\/schema\\\/logo\\\/image\\\/\",\"url\":\"https:\\\/\\\/bsh-oberschuetzen.at\\\/wp-content\\\/uploads\\\/2025\\\/04\\\/BSH_Logo.png\",\"contentUrl\":\"https:\\\/\\\/bsh-oberschuetzen.at\\\/wp-content\\\/uploads\\\/2025\\\/04\\\/BSH_Logo.png\",\"width\":1780,\"height\":813,\"caption\":\"BSH Obersch\u00fctzen\"},\"image\":{\"@id\":\"https:\\\/\\\/bsh-oberschuetzen.at\\\/#\\\/schema\\\/logo\\\/image\\\/\"}}]}<\/script>\n<!-- \/ Yoast SEO plugin. -->","yoast_head_json":{"title":"Datenschutzrichtlinien - BSH Obersch\u00fctzen","robots":{"index":"index","follow":"follow","max-snippet":"max-snippet:-1","max-image-preview":"max-image-preview:large","max-video-preview":"max-video-preview:-1"},"canonical":"https:\/\/bsh-oberschuetzen.at\/?page_id=1040","og_locale":"de_DE","og_type":"article","og_title":"Datenschutzrichtlinien - BSH Obersch\u00fctzen","og_description":"IMPRESSUM MEDIENINHABER UND HERSTELLER:&nbsp; Bundessch\u00fclerheim Obersch\u00fctzen&nbsp; Sch\u00fclerheimleiterin: Mag. Tanja Schuh G. A. Wimmer-Platz 7 7432 Obersch\u00fctzen&nbsp; Tel.:&nbsp;+43 (0)3353 7503&nbsp; Fax:&nbsp;+43 (0)3353 7503 10 Mail: s109950@bildung.gv.at&nbsp; Schulkennzahl: 109950&nbsp; HINWEIS ZUR GESTALTUNG DER WEBSITE:&nbsp; Wir sind bem\u00fcht, m\u00f6glichst korrekt, aktuell und vollst\u00e4ndig zu informieren. Bei s\u00e4mtlichen Abbildungen, Fotos und Texten auf unserer Website wurde das Urheberrecht ber\u00fccksichtigt. [&hellip;]","og_url":"https:\/\/bsh-oberschuetzen.at\/?page_id=1040","og_site_name":"BSH Obersch\u00fctzen","twitter_card":"summary_large_image","twitter_misc":{"Gesch\u00e4tzte Lesezeit":"2 Minuten"},"schema":{"@context":"https:\/\/schema.org","@graph":[{"@type":"WebPage","@id":"https:\/\/bsh-oberschuetzen.at\/?page_id=1040","url":"https:\/\/bsh-oberschuetzen.at\/?page_id=1040","name":"Datenschutzrichtlinien - BSH Obersch\u00fctzen","isPartOf":{"@id":"https:\/\/bsh-oberschuetzen.at\/#website"},"datePublished":"2025-10-05T16:19:28+00:00","breadcrumb":{"@id":"https:\/\/bsh-oberschuetzen.at\/?page_id=1040#breadcrumb"},"inLanguage":"de-AT","potentialAction":[{"@type":"ReadAction","target":["https:\/\/bsh-oberschuetzen.at\/?page_id=1040"]}]},{"@type":"BreadcrumbList","@id":"https:\/\/bsh-oberschuetzen.at\/?page_id=1040#breadcrumb","itemListElement":[{"@type":"ListItem","position":1,"name":"Startseite","item":"https:\/\/bsh-oberschuetzen.at\/"},{"@type":"ListItem","position":2,"name":"Datenschutzrichtlinien"}]},{"@type":"WebSite","@id":"https:\/\/bsh-oberschuetzen.at\/#website","url":"https:\/\/bsh-oberschuetzen.at\/","name":"BSH Obersch\u00fctzen","description":"","publisher":{"@id":"https:\/\/bsh-oberschuetzen.at\/#organization"},"potentialAction":[{"@type":"SearchAction","target":{"@type":"EntryPoint","urlTemplate":"https:\/\/bsh-oberschuetzen.at\/?s={search_term_string}"},"query-input":{"@type":"PropertyValueSpecification","valueRequired":true,"valueName":"search_term_string"}}],"inLanguage":"de-AT"},{"@type":"Organization","@id":"https:\/\/bsh-oberschuetzen.at\/#organization","name":"BSH Obersch\u00fctzen","url":"https:\/\/bsh-oberschuetzen.at\/","logo":{"@type":"ImageObject","inLanguage":"de-AT","@id":"https:\/\/bsh-oberschuetzen.at\/#\/schema\/logo\/image\/","url":"https:\/\/bsh-oberschuetzen.at\/wp-content\/uploads\/2025\/04\/BSH_Logo.png","contentUrl":"https:\/\/bsh-oberschuetzen.at\/wp-content\/uploads\/2025\/04\/BSH_Logo.png","width":1780,"height":813,"caption":"BSH Obersch\u00fctzen"},"image":{"@id":"https:\/\/bsh-oberschuetzen.at\/#\/schema\/logo\/image\/"}}]}},"_links":{"self":[{"href":"https:\/\/bsh-oberschuetzen.at\/index.php?rest_route=\/wp\/v2\/pages\/1040","targetHints":{"allow":["GET"]}}],"collection":[{"href":"https:\/\/bsh-oberschuetzen.at\/index.php?rest_route=\/wp\/v2\/pages"}],"about":[{"href":"https:\/\/bsh-oberschuetzen.at\/index.php?rest_route=\/wp\/v2\/types\/page"}],"author":[{"embeddable":true,"href":"https:\/\/bsh-oberschuetzen.at\/index.php?rest_route=\/wp\/v2\/users\/1"}],"replies":[{"embeddable":true,"href":"https:\/\/bsh-oberschuetzen.at\/index.php?rest_route=%2Fwp%2Fv2%2Fcomments&post=1040"}],"version-history":[{"count":1,"href":"https:\/\/bsh-oberschuetzen.at\/index.php?rest_route=\/wp\/v2\/pages\/1040\/revisions"}],"predecessor-version":[{"id":1041,"href":"https:\/\/bsh-oberschuetzen.at\/index.php?rest_route=\/wp\/v2\/pages\/1040\/revisions\/1041"}],"wp:attachment":[{"href":"https:\/\/bsh-oberschuetzen.at\/index.php?rest_route=%2Fwp%2Fv2%2Fmedia&parent=1040"}],"curies":[{"name":"wp","href":"https:\/\/api.w.org\/{rel}","templated":true}]}}